 2*a = 3*a. Suppose -4*c + a*c - 18 = -2*s, c = -2. Suppose -2*g + 55 = -3*p - 33, s*g = 4*p + 227. What is the remainder when g is divided by 12?
11
Let j be -2 - -1 - (-8 - (-1 - 1)). Suppose -j*a + c = -53, 2*c - 4 = 3*a - 33. Calculate the remainder when 30 is divided by a.
8
Suppose 6*k - 615 = -129. Calculate the remainder when k is divided by 17.
13
Let i = 210 + -107. Suppose -i*d + 60 = -99*d. What is the remainder when 1/5 - 372/(-15) is divided by d?
10
Let x(g) = -g**2 - 11*g + 26. Let d be x(-13). Suppose 8*v - 3*v + s - 16 = d, 0 = 5*s - 5. What is the remainder when 5 is divided by v?
2
Suppose -n + 11 = -0*n. Suppose -224 = -35*f + 587 + 309. Calculate the remainder when f is divided by n.
10
Let f be (3 + -7 + -4)/(-2). Suppose -2*z + 54 = -f*w, 2*z - 6*w = -5*w + 54. Suppose 4*y - 15 = 3*y. What is the remainder when z is divided by y?
12
Suppose -71 = -2*w + g, 5*w - 235 = -5*g - 20. Calculate the remainder when 104 is divided by w.
28
Let y(d) = 7*d + 21. Let b be y(-3). Suppose 0 = -4*o + 5*t + 56, o + 0*o - 5*t + 1 = b. What is the remainder when 30 is divided by o?
11
Let h be 4 + -5 + (-8)/(1 + -2). Suppose h*c = 4*c + 36. Calculate the remainder when 35 is divided by c.
11
Let o be -4*(1 - -1*(2 - 0)). Suppose -2*l + 10 = -7*l. Let t = l - o. Calculate the remainder when 27 is divided by t.
7
Suppose 3*y - 8*y = -4*k - 46, -2*y = 4*k + 4. Suppose 4*u = -0*w + 2*w + 28, 41 = 5*u - w. What is the remainder when u is divided by y?
3
Let u be 444/14 - (-3 - (-76)/28). Let n = u - 29. Let l(m) = -3*m - 6. Calculate the remainder when l(-5) is divided by n.
0
Suppose -3*o = 5*w - 306, -3*w - 408 = -0*o - 4*o. Suppose 5*j - 13 = o. Let p(u) = 4*u**2 - 15*u + 27. Calculate the remainder when j is divided by p(2).
10
Let o(k) = -k**3 + k + 5. Let q be o(0). Let g = -213 - -339. Suppose q*c - 2*m = 174, -2*c - g = -6*c - 5*m. What is the remainder when c is divided by 12?
10
Suppose 12 = -4*w, 5*y + w = 3*y + 65. What is the remainder when 86 is divided by y?
18
Let k be 3 + (1 - -2 - 4). Let w(j) = 9*j**3 - j**2 + j - 1. What is the remainder when w(k) is divided by 24?
21
Suppose 3 = 4*j + 7. What is the remainder when 20*(j + (-27)/(-12)) is divided by 13?
12
Suppose 30*m = 2242 + 278. Calculate the remainder when m is divided by 38.
8
Let w(f) = f**2 + 7*f + 9. Let o be w(-5). Calculate the remainder when -2 + (-1)/o + 22 is divided by 12.
9
What is the remainder when 151 is divided by (-18 - 1)/((120/15)/(-8))?
18
Let g(m) = m**2 - 3*m - 2. Let c = -10 - -6. What is the remainder when (-73)/(-2) + (-2)/c is divided by g(5)?
5
Suppose u - 2204 = -2192. What is the remainder when 198 is divided by u?
6
Let w(f) = -9*f**2 - 5*f + 9. Let p(h) = -5*h**2 - 3*h + 5. Let q(t) = 5*p(t) - 3*w(t). Let g be 1 - 9/(-6)*-2. What is the remainder when q(g) is divided by 2?
0
Suppose 642 = 2*l + 360. Let f(r) = -r**3 + 6*r**2 - 4*r - 2. Let v be f(7). Let a = 115 + v. Calculate the remainder when l is divided by a.
33
Suppose 5*r = 4*i - 246, -2*i - 5*r = -i - 49. Let c(u) = -5*u**2 + 111*u + 231. Calculate the remainder when i is divided by c(24).
14
Let a(u) = -7*u**3 + 4*u**2 + u + 1. Let x(z) = -6*z**3 + 3*z**2 + z + 1. Let c(i) = -4*a(i) + 5*x(i). What is the remainder when 63 is divided by c(-2)?
8
Let r(k) = k**3 - 6*k**2 + 7*k - 6. Let q be r(5). Suppose w + 3 = 2*y, -5*y + w + 10 = -2. What is the remainder when (-1 + 9)/(-3 + q) is divided by y?
2
Calculate the remainder when (-6)/(-9)*(740 + 11 - 1) is divided by 9.
5
Let j(f) = -1 - 4 - 1 - 8 - 8*f. What is the remainder when j(-4) is divided by 7?
4
Let s(b) = 25*b + 48. Let v(t) = -37*t - 71. Let p(c) = 7*s(c) + 5*v(c). Calculate the remainder when p(-10) is divided by 21.
18
Let k(t) = -4*t**2 - 35*t - 7. What is the remainder when k(-8) is divided by 13?
4
Suppose 0*i = 4*y - 5*i + 4, 3*y - 2*i = 4. Let a be ((-21)/6*-1)/(3/108). Suppose w - y*w = -a. Calculate the remainder when w is divided by 11.
9
Let i(q) = 23*q - 31. What is the remainder when i(4) is divided by 21?
19
Let s(x) = -47*x**3 - x**2. Suppose 0 = -2*t + 4*b + 20, 0 = 5*b - 4 + 24. Let u(d) = 9*d + 6. What is the remainder when s(-1) is divided by u(t)?
22
Let a be ((-15)/9)/((-1)/18). Suppose 3*d = u - 26, -2*u = -u - 4*d - a. What is the remainder when u is divided by 9?
5
Let d be 0/((-3)/(-6)*2). Suppose 3*t + 8 + 7 = d, 63 = 3*g - 3*t. Calculate the remainder when 62 is divided by g.
14
Let y = 0 - -11. Suppose -5*t = 10 + 10, -2*s - 4*t - 12 = 0. Suppose 20 = 3*r - s*c, -r + 2*c = -0*c - 12. Calculate the remainder when y is divided by r.
3
Suppose -o = 3*o - 720. Suppose -7*n - 8*n = -o. Calculate the remainder when 4/(-6) - 202/(-6) is divided by n.
9
Suppose -624 = -16*r + 176. Suppose 18 - r = -d. What is the remainder when d is divided by 18?
14
Let j = 74 - 73. Let l = -2 + 4. Suppose -l*v + j = -13. Calculate the remainder when 18 is divided by v.
4
Let r = 19 - 19. Suppose r*k - 32 = -4*k. What is the remainder when -1 + 5 - (-6 - 16/4) is divided by k?
6
Suppose 0 = 46*c - 8*c - 266. Calculate the remainder when 495 is divided by c.
5
Let w be (-17 + -1)*(-9)/6. Suppose -l + w = 3*f - 9, -5*f - 10 = 0. What is the remainder when l is divided by 23?
19
Suppose -46 = -5*l + 444. Suppose 4*g - 70 = -2*k, g + 8 = 2*k + 23. Calculate the remainder when l is divided by g.
13
Let t = -85 - -100. Suppose -2*n + 58 = -0*n. Calculate the remainder when n is divided by t.
14
Let q(a) = a**2 + 2*a - 93. Calculate the remainder when q(11) is divided by 18.
14
Suppose -306 = 10*u - 16*u. Calculate the remainder when u is divided by 17.
0
Let g(x) = -14*x**3 + 2*x + 6. What is the remainder when g(-2) is divided by 27?
6
What is the remainder when 12*(-3)/(-12)*(0 + 74) is divided by 45?
42
Let g = 5 - -9. Let w(k) = k**3 - 13*k**2 - 13*k + 3. Calculate the remainder when 66 is divided by w(g).
15
Suppose -10635 = 2*g - 10709. Calculate the remainder when 1439 is divided by g.
33
Let c be (-8)/(-20) + (-6)/(-10). Let l be 9/3 + 2 + c. Let w = 21 + l. Calculate the remainder when 52 is divided by w.
25
Let k = 15 + -9. What is the remainder when k is divided by ((-20)/(-8))/(-5) + 187/34?
1
Suppose -7*v + 144 = -3*v. Let o(t) = 8*t**2 + 4*t - 14. Calculate the remainder when o(3) is divided by (-3 - -4)/(2/v).
16
Suppose 4*i - 3*i + 2*o = 12, 2*i + 5*o - 24 = 0. What is the remainder when 426 is divided by i?
6
Suppose 0 = -0*a + a + 8. Calculate the remainder when 6 is divided by a*-2*(-1)/(-4).
2
What is the remainder when 14*55/10 - 2 is divided by 65?
10
Let m(z) = -2*z + 5. What is the remainder when m(0) is divided by 4/30 + 58/15?
1
Let w(n) be the second derivative of n**5/20 + n**4 - n**3/2 - 14*n**2 - 13*n. Calculate the remainder when 19 is divided by w(-12).
3
Let u = 1568 + -1280. What is the remainder when u is divided by 74?
66
Calculate the remainder when 123 is divided by 697/34 + 3/(-2).
9
Let u(f) = -f**2 + 10*f - 9. Calculate the remainder when u(6) is divided by ((-2)/3)/(33/(-27) - -1).
0
Suppose 7*x = 200 + 171. Calculate the remainder when x is divided by 12.
5
Let t = 21 - 16. Suppose 42 + 13 = t*o. Let u(a) = -a**3 - 2*a**2 + 3*a + 4. Calculate the remainder when o is divided by u(-3).
3
Suppose -19*r = -943 - 26. Let i = -6 - -20. Calculate the remainder when r is divided by i.
9
Suppose -2*n + j + 81 = -0*n, -129 = -3*n + 3*j. Let a = -16 + n. Calculate the remainder when 64 is divided by a.
20
Suppose 5*b + 3 + 2 = 0. Calculate the remainder when 49 is divided by (b/(-2))/((-7)/(-238)).
15
Calculate the remainder when 975 is divided by (-12)/40 - 1226/(-20).
60
Let r = -8 - -18. Let x(k) = -k**2 + 2*k - 21. Let c(w) = w**2. Let o(n) = 2*c(n) + x(n). What is the remainder when o(r) is divided by 34?
31
Let d = 36 + 50. Calculate the remainder when d is divided by 22.
20
Suppose 0 = -2*o - 4*f + 138, -o - 2*f - 286 = -5*o. What is the remainder when o is divided by 21?
8
Let j(h) = 8*h**2 + 9*h - 23. Calculate the remainder when j(5) is divided by 59.
45
Suppose -7*o + 7582 = 10*o. What is the remainder when o is divided by 25?
21
Suppose -9 = 3*w, -c - w = -0*w - 26. Calculate the remainder when 49 is divided by c.
20
Let h be 1410/39 - (-2)/(-13). Let j be h/(-10) - 4/10. Le